Vremenska postaja Loka pri Mengšu

46° 09.15' S | 14° 33.67' V | 310 m | Prikaži na zemljevidu

Vreme - trenutno stanje
3,3 °C 98 % 1007 mbar 0,0 km/h 0,0 km/h 23,1 mm
-0,3 °C/h 1 %/h 0 mbar/h N/A ( N/A) N/A ( N/A) 2,2 mm/h

23. 04. 2024 21:50:00 CEST

Vremenska statistika za

Vremenska postaja:DP1500&WH3000SE
Programska oprema:weewx v5.0.2
WeeWX aktiven:36 d, 4 h, 42 min
Strežnik aktiven:36 d, 4 h, 43 min
                   MONTHLY CLIMATOLOGICAL SUMMARY for Nov 2021


NAME: Loka pri Mengšu                  
ELEV: 310 m    LAT: 46-09.15 S    LONG: 14-33.67 V


                   TEMPERATURE (°C), RAIN (mm), WIND SPEED (km/h)

                                         HEAT   COOL         AVG
      MEAN                               DEG    DEG          WIND                   DOM
DAY   TEMP   HIGH   TIME    LOW   TIME   DAYS   DAYS   RAIN  SPEED   HIGH   TIME    DIR
---------------------------------------------------------------------------------------
 01    8.8   12.0  12:14    6.0  20:51    9.2    0.0   11.9    1.0   11.2  02:28    102
 02    9.0   10.7  11:29    7.5  23:00    9.0    0.0   22.4    0.6    7.2  23:33    128
 03   10.8   17.6  11:54    3.2  22:48    7.2    0.0   16.2    1.5   23.8  08:16    135
 04    5.8    8.9  13:27    1.6  01:27   12.2    0.0    0.3    0.1    5.4  11:23     92
 05    7.8   11.6  11:24    5.5  05:40   10.2    0.0    0.0    0.9   16.6  10:07     86
 06    7.5   11.3  13:09    5.6  17:04   10.5    0.0    1.0    0.4    7.2  09:55     97
 07    6.6    8.0  13:01    2.3  22:26   11.4    0.0   13.9    0.6   11.2  11:57    113
 08    5.6   11.0  13:01    0.8  22:58   12.4    0.0    0.0    0.7   13.0  09:44    110
 09    3.3   10.7  13:01   -1.1  05:32   14.7    0.0    0.3    0.5    9.4  12:14    122
 10    3.4    7.8  13:39    0.3  23:38   14.6    0.0    0.3    0.2    5.4  10:17    107
 11    4.9    6.2  10:57    3.9  02:37   13.1    0.0    0.0    0.5    7.2  04:37    115
 12    7.3   12.4  13:50    5.0  23:00   10.7    0.0    0.0    0.3    5.4  02:53    109
 13    7.4    8.5  11:30    6.5  22:40   10.6    0.0    0.8    0.6    9.4  05:04    107
 14    7.6   12.0  12:13    4.4  20:50   10.4    0.0    0.7    1.0   18.4  22:17    109
 15    6.9    9.8  10:03    3.9  05:52   11.1    0.0    0.0    0.9   14.8  10:00    119
 16    6.7    8.8  13:44    5.2  05:15   11.3    0.0    0.0    0.1    5.4  09:18    111
 17    6.7   11.5  11:24    0.8  22:48   11.3    0.0    0.0    0.4   11.2  09:28    119
 18    2.9    7.2  13:35    0.1  00:35   15.1    0.0    0.3    0.2    7.2  13:50     91
 19    2.3    5.4  12:27    0.8  23:00   15.7    0.0    0.2    0.3    5.4  09:23    116
 20    2.1    8.6  13:35   -0.5  07:02   15.9    0.0    0.3    0.2    5.4  10:41     58
 21    5.1    6.6  08:56    3.6  23:00   12.9    0.0    1.5    0.5   11.2  10:00    119
 22    3.5    9.4  12:40   -3.0  22:58   14.5    0.0    0.0    1.2   18.4  12:42    109
 23   -2.5    1.1  13:48   -5.2  02:54   20.5    0.0    0.3    0.2    5.4  10:31    124
 24   -0.1    2.4  13:40   -3.2  23:03   18.1    0.0    2.8    0.2    7.2  13:15    113
 25    2.8    4.5  14:05    1.7  19:52   15.2    0.0   31.5    0.2    5.4  19:04     98
 26    2.7    4.4  10:52    0.7  05:23   15.3    0.0   18.2    0.4    7.2  02:45     73
 27    3.4    4.3  13:11    0.4  22:55   14.6    0.0   36.4    0.3    9.4  06:17     73
 28    0.2    3.5  09:46   -3.0  20:07   17.8    0.0   10.1    0.1    5.4  10:55     95
 29   -0.6    2.4  13:26   -3.4  06:46   18.6    0.0    1.0    1.1   14.8  21:40    302
 30    2.2    6.2  12:21   -2.8  03:10   15.8    0.0    1.6    1.1   13.0  13:07    356
---------------------------------------------------------------------------------------
       4.7   17.6     04   -5.2     24  399.8    0.0  172.0    0.6   23.8     04    108