Vremenska postaja Loka pri Mengšu

46° 09.15' S | 14° 33.67' V | 310 m | Prikaži na zemljevidu

Vreme - trenutno stanje
7,2 °C 99 % 1006 mbar 0,4 km/h 3,6 km/h 0,7 mm
0,4 °C/h 0 %/h 0 mbar/h JV (130 °) JV (130 °) 0,1 mm/h

01. 03. 2024 08:45:00 CET

Vremenska statistika za

Vremenska postaja:DP1500&WH3000SE
Programska oprema:weewx v5.0.2
WeeWX aktiven:3 d, 12 h, 21 min
Strežnik aktiven:3 d, 12 h, 22 min
                   MONTHLY CLIMATOLOGICAL SUMMARY for Dec 2021


NAME: Loka pri Mengšu                  
ELEV: 310 m    LAT: 46-09.15 S    LONG: 14-33.67 V


                   TEMPERATURE (°C), RAIN (mm), WIND SPEED (km/h)

                                         HEAT   COOL         AVG
      MEAN                               DEG    DEG          WIND                   DOM
DAY   TEMP   HIGH   TIME    LOW   TIME   DAYS   DAYS   RAIN  SPEED   HIGH   TIME    DIR
---------------------------------------------------------------------------------------
 01    3.3    6.4  00:01   -0.1  20:41   14.7    0.0   43.6    0.5   16.6  05:41     90
 02    0.4    2.7  13:57   -1.9  22:59   17.6    0.0   10.7    0.2    9.4  11:23    115
 03   -0.8    0.9  21:45   -2.6  02:38   18.8    0.0    0.5    0.4    9.4  12:05    103
 04    1.0    2.1  09:56    0.3  18:46   17.0    0.0   22.1    0.4   14.8  08:28     31
 05    0.2    1.2  13:03   -0.7  22:55   17.8    0.0    0.3    0.4    9.4  11:57     91
 06   -1.6   -0.2  12:57   -2.5  06:45   19.6    0.0    0.0    0.6   13.0  12:22     79
 07   -1.8   -0.1  13:17   -3.2  06:35   19.8    0.0    0.0    0.5    9.4  12:29     81
 08    0.2    2.3  09:36   -1.0  19:20   17.8    0.0    1.5    0.0    1.8  16:55     64
 09   -0.7    2.0  11:18   -2.3  01:56   18.7    0.0    0.8    0.1    7.2  09:36     67
 10   -2.2    2.7  12:22   -7.0  21:02   20.2    0.0    0.2    0.3   11.2  08:19     52
 11   -3.3   -0.9  11:04   -5.8  23:05   21.3    0.0    0.0    0.5    5.4  07:52     94
 12   -1.6    2.0  13:40   -3.5  23:05   19.6    0.0    0.0    0.2    7.2  13:17    103
 13   -1.3    0.2  13:24   -3.6  06:15   19.3    0.0    0.0    0.3    7.2  06:18    104
 14    0.6    2.4  10:51   -0.2  19:39   17.4    0.0    5.1    0.1    7.2  23:43    114
 15    0.4    2.5  12:30   -0.9  17:18   17.6    0.0    2.5    0.2    5.4  10:44    108
 16   -1.2   -0.5  23:00   -2.1  21:30   19.2    0.0    0.3    0.5    9.4  12:10    100
 17   -1.5   -0.5  13:17   -2.5  22:11   19.5    0.0    0.0    0.5    7.2  13:11     97
 18   -2.8   -1.3  13:14   -4.3  22:18   20.8    0.0    0.0    0.7   11.2  11:47    108
 19   -2.8    2.8  13:17   -6.8  06:10   20.8    0.0    0.0    0.3    9.4  09:57    130
 20   -1.4    0.6  14:05   -3.1  23:09   19.4    0.0    0.0    0.3   11.2  09:26    132
 21   -0.6    1.0  11:57   -1.7  03:56   18.6    0.0    0.0    0.2    5.4  03:48     49
 22   -0.9    1.7  13:36   -3.1  06:38   18.9    0.0    0.0    0.3    7.2  04:57     89
 23    3.5    7.2  17:57    0.0  23:17   14.5    0.0    0.0    2.0   20.2  02:16    294
 24    3.4    6.9  13:02   -0.8  01:44   14.6    0.0    3.5    0.3    5.4  11:28     98
 25    3.0    4.7  01:02    1.7  22:40   15.0    0.0   12.0    1.0   11.2  01:05    109
 26    2.3    3.6  13:10    1.3  02:52   15.7    0.0    0.0    0.5    7.2  02:04    128
 27    3.9    6.0  12:37    1.7  05:44   14.1    0.0    0.7    0.2    9.4  09:19     98
 28    1.7    4.7  23:20   -0.9  04:09   16.3    0.0    0.3    0.3    9.4  11:48     90
 29    1.2    3.3  15:03   -0.9  06:31   16.8    0.0    0.2    0.2    9.4  10:10    103
 30    0.3    2.5  13:42   -1.4  22:57   17.7    0.0    0.3    0.4    7.2  12:42    122
 31   -0.4    4.7  13:58   -2.6  03:49   18.4    0.0    0.2    0.6   11.2  08:01    123
---------------------------------------------------------------------------------------
       0.0    7.2     24   -7.0     11  557.6    0.0  104.8    0.4   20.2     24     98