Vremenska postaja Loka pri Mengšu

46° 09.15' S | 14° 33.67' V | 310 m | Prikaži na zemljevidu

Vreme - trenutno stanje
6,8 °C 99 % 1005 mbar 0,0 km/h 0,0 km/h 0,2 mm
0,1 °C/h 0 %/h -0 mbar/h N/A ( N/A) N/A ( N/A) 0,0 mm/h

01. 03. 2024 07:50:00 CET

Vremenska statistika za

Vremenska postaja:DP1500&WH3000SE
Programska oprema:weewx v5.0.2
WeeWX aktiven:3 d, 11 h, 26 min
Strežnik aktiven:3 d, 11 h, 26 min
                     CLIMATOLOGICAL SUMMARY for year 2021


NAME: Loka pri Mengšu                  
ELEV: 310 m    LAT: 46-09.15 S    LONG: 14-33.67 V


                                       TEMPERATURE (°C)

                              HEAT    COOL                              MAX    MAX    MIN    MIN
          MEAN   MEAN         DEG     DEG                                >=     <=     <=     <=
 YR  MO   MAX    MIN    MEAN  DAYS    DAYS      HI  DAY     LOW  DAY     30      0      0    -20
------------------------------------------------------------------------------------------------
2021 01    4.0   -2.0    0.4  523.3    0.0    11.3   22    -8.7   17      0      1     20      0
2021 02   11.4    0.3    5.0  363.2    0.0    22.6   26    -9.6   15      0      1     16      0
2021 03   14.0   -1.0    5.9  374.9    0.0    26.1   01    -6.1   07      0      0     19      0
2021 04   14.2    2.9    8.6  283.5    0.0    23.7   25    -5.3   06      0      1      6      0
2021 05   19.4    6.5   12.6  170.9    0.0    26.6   11     2.1   09      0      0      0      0
2021 06   29.3   12.9   20.8    6.2   89.3    34.4   28     6.8   02     14      0      0      0
2021 07   29.8   15.1   21.6    0.4  112.0    34.7   07    10.5   02     17      0      0      0
2021 08   27.9   12.7   19.3   22.2   63.1    36.0   14     6.8   26     13      0      0      0
2021 09   24.8    8.6   15.7   72.4    2.1    31.3   14     3.3   23      1      0      0      0
2021 10   15.0    3.9    8.4  298.1    0.0    24.4   04    -2.2   25      0      0      6      0
2021 11    8.2    1.6    4.7  399.8    0.0    17.6   04    -5.2   24      0      0      8      0
2021 12    2.4   -2.0    0.0  557.6    0.0     7.2   24    -7.0   11      0      6     27      0
------------------------------------------------------------------------------------------------
          16.7    5.0   10.4 3072.6  266.5    36.0  Aug    -9.6  Feb     45      9    102      0


                  PRECIPITATION (mm)

                  MAX         ---DAYS OF RAIN---
                  OBS.               OVER
 YR  MO  TOTAL    DAY  DATE   0.30   3.00  30.00
------------------------------------------------
2021 01  128.5   28.8    22     18     11      0
2021 02   71.3   32.4    09      6      4      1
2021 03   35.6   22.0    13      6      2      0
2021 04  101.9   34.9    11     15      6      1
2021 05  222.2   34.8    16     20     13      2
2021 06   36.8   11.1    06      7      4      0
2021 07  175.5   45.2    03     16      9      2
2021 08  117.4   45.0    22     13      6      2
2021 09   86.0   30.2    16      8      5      1
2021 10   66.4   27.4    05     13      4      0
2021 11  172.0   36.4    27     20      8      2
2021 12  104.8   43.6    01     15      6      1
------------------------------------------------
        1318.4   45.2   Jul    157     78     12


           WIND SPEED (km/h)

                                DOM
 YR  MO    AVG     HI   DATE    DIR
-----------------------------------
2021 01    1.3   23.3     14    317 
2021 02    2.2   30.6     13    130 
2021 03    2.4   31.8     09    122 
2021 04    2.7   97.9     14    147 
2021 05    1.2  233.8     05    147 
2021 06    1.3   36.7     30    118 
2021 07    1.1   31.3     31    118 
2021 08    0.9   25.6     08    112 
2021 09    0.9   34.9     17    121 
2021 10    0.9   25.6     07    112 
2021 11    0.6   23.8     04    108 
2021 12    0.4   20.2     24     98 
-----------------------------------
           1.3  233.8    May    122