Vremenska postaja Loka pri Mengšu

46° 09.15' S | 14° 33.67' V | 310 m | Prikaži na zemljevidu

Vreme - trenutno stanje
22,4 °C 90 % 1006 mbar 0,0 km/h 0,0 km/h 0,0 mm
-3,0 °C/h 6 %/h 1 mbar/h N/A ( N/A) N/A ( N/A) 0,0 mm/h

21. 07. 2024 21:05:00 CEST

Vremenska statistika za

Vremenska postaja:DP1500&WH3000SE
Programska oprema:weewx v5.0.2
WeeWX aktiven:1 d, 22 h, 39 min
Strežnik aktiven:1 d, 22 h, 39 min
                   MONTHLY CLIMATOLOGICAL SUMMARY for Jan 2022


NAME: Loka pri Mengšu                  
ELEV: 310 m    LAT: 46-09.15 S    LONG: 14-33.67 V


                   TEMPERATURE (°C), RAIN (mm), WIND SPEED (km/h)

                                         HEAT   COOL         AVG
      MEAN                               DEG    DEG          WIND                   DOM
DAY   TEMP   HIGH   TIME    LOW   TIME   DAYS   DAYS   RAIN  SPEED   HIGH   TIME    DIR
---------------------------------------------------------------------------------------
 01    0.0    5.1  13:42   -2.0  07:02   18.0    0.0    0.3    0.3    7.2  10:57    120
 02    2.6    6.1  14:28   -1.6  05:37   15.4    0.0    0.3    0.2    9.4  09:56     75
 03    6.8    9.1  13:36    3.9  05:35   11.2    0.0    0.0    1.7   18.4  13:01    295
 04    7.8   12.3  10:13    0.1  20:50   10.2    0.0   20.0    1.6   23.8  09:09    166
 05    0.4    4.0  14:03   -2.0  22:49   17.6    0.0    8.7    0.1    7.2  19:55     92
 06   -3.4   -1.1  14:00   -6.0  22:59   21.4    0.0    0.0    0.4    9.4  12:10    109
 07   -5.6   -1.3  13:35   -7.7  01:09   23.6    0.0    0.0    0.4    7.2  11:15    129
 08   -3.4   -0.9  13:40   -5.7  04:35   21.4    0.0    0.0    0.3    5.4  11:07    108
 09   -0.6    5.2  12:54   -3.4  05:41   18.6    0.0    0.2    0.5    9.4  12:18    121
 10   -1.6    4.0  13:40   -6.2  06:42   19.6    0.0    0.0    0.8   14.8  15:32    129
 11   -3.7    2.4  13:32   -8.2  05:54   21.7    0.0    0.0    0.5    7.2  11:02    112
 12   -4.6    2.1  13:58   -9.8  06:47   22.6    0.0    0.3    0.5    7.2  14:07    127
 13   -2.2    6.9  14:00   -7.3  05:43   20.2    0.0    0.0    0.5    5.4  08:51    118
 14   -1.2    7.3  12:38   -6.1  06:33   19.2    0.0    0.0    0.3    5.4  12:25    119
 15   -3.3   -0.6  13:25   -5.5  00:45   21.3    0.0    0.2    0.2    3.6  07:54    117
 16   -2.4    1.2  13:56   -5.7  04:30   20.4    0.0    0.0    0.6    9.4  12:50    114
 17   -0.5    7.4  13:39   -5.6  03:07   18.5    0.0    0.0    0.5    7.2  11:03    105
 18   -3.9   -1.0  13:40   -6.5  02:27   21.9    0.0    0.0    0.2    7.2  11:49    109
 19   -1.7    5.2  14:01   -6.0  23:00   19.7    0.0    0.3    0.3    5.4  10:05    105
 20   -1.0    3.9  13:59   -5.5  22:40   19.0    0.0    0.0    1.3   18.4  10:17    137
 21   -0.7    8.1  13:58   -8.3  05:51   18.7    0.0    0.2    0.9   16.6  18:02    102
 22    0.7    6.5  13:51   -3.7  06:05   17.3    0.0    0.0    0.6    9.4  11:45    113
 23   -0.4    1.2  11:55   -2.9  02:43   18.4    0.0    0.0    0.5   11.2  10:27    113
 24    0.1    6.7  13:44   -4.1  22:57   17.9    0.0    0.0    0.7    9.4  09:41    122
 25   -0.9    5.0  11:18   -5.2  02:11   18.9    0.0    0.0    0.8   13.0  11:24    294
 26   -1.7    3.6  13:28   -5.3  05:48   19.7    0.0    0.0    0.3    5.4  10:35    108
 27    1.7   11.2  13:11   -4.9  04:25   16.3    0.0    0.0    1.4   18.4  20:01     30
 28   -0.7    5.8  14:56   -4.0  06:37   18.7    0.0    0.0    0.7    9.4  09:49    102
 29    0.4   11.9  14:07   -6.2  06:02   17.6    0.0    0.0    0.6    7.2  09:43    104
 30   -1.9    0.1  21:09   -5.3  03:45   19.9    0.0    0.3    0.3    5.4  10:45    105
 31    0.4    4.1  13:35   -3.0  21:59   17.6    0.0    0.0    1.7   18.4  12:13    145
---------------------------------------------------------------------------------------
      -0.8   12.3     05   -9.8     13  582.3    0.0   30.8    0.6   23.8     05    120