Vremenska postaja Loka pri Mengšu

46° 09.15' S | 14° 33.67' V | 310 m | Prikaži na zemljevidu

Vreme - trenutno stanje
18,8 °C 99 % 1015 mbar 0,0 km/h 0,0 km/h 0,0 mm
1,3 °C/h 0 %/h -0 mbar/h N/A ( N/A) N/A ( N/A) 0,0 mm/h

21. 06. 2024 06:45:00 CEST

Vremenska statistika za

Vremenska postaja:DP1500&WH3000SE
Programska oprema:weewx v5.0.2
WeeWX aktiven:6 d, 20 h, 49 min
Strežnik aktiven:6 d, 20 h, 50 min
                   MONTHLY CLIMATOLOGICAL SUMMARY for Feb 2022


NAME: Loka pri Mengšu                  
ELEV: 310 m    LAT: 46-09.15 S    LONG: 14-33.67 V


                   TEMPERATURE (°C), RAIN (mm), WIND SPEED (km/h)

                                         HEAT   COOL         AVG
      MEAN                               DEG    DEG          WIND                   DOM
DAY   TEMP   HIGH   TIME    LOW   TIME   DAYS   DAYS   RAIN  SPEED   HIGH   TIME    DIR
---------------------------------------------------------------------------------------
 01    3.4   11.4  15:00   -3.0  03:00   14.6    0.0    0.0    2.4   27.7  21:38    271
 02    1.0    7.8  14:12   -3.9  06:32   17.0    0.0    0.0    0.6    9.4  23:04    111
 03    3.5   12.4  13:04   -1.5  05:33   14.5    0.0    0.0    0.8   16.6  12:24    164
 04    4.7   13.2  13:32   -1.9  06:28   13.3    0.0    0.0    1.2   13.0  13:15     79
 05    2.6    7.4  17:55   -4.4  06:04   15.4    0.0    0.0    0.8   16.6  17:49    216
 06    6.7   11.3  09:58    3.1  22:57   11.3    0.0    1.3    3.2   29.5  05:41    291
 07    3.5   13.3  14:08   -2.5  22:50   14.5    0.0    0.0    1.7   23.8  01:07     72
 08    2.6   15.1  15:11   -4.5  05:53   15.4    0.0    0.0    0.6    7.2  10:09    114
 09    1.9   12.6  12:34   -5.3  05:58   16.1    0.0    0.0    1.1   22.0  13:00    152
 10    4.5   12.9  13:07   -1.2  05:16   13.5    0.0    1.2    1.6   20.2  14:11    142
 11    1.3    7.9  11:57   -4.3  22:24   16.7    0.0    0.0    1.3   16.6  11:11    116
 12    0.5    8.3  13:13   -5.0  22:56   17.5    0.0    0.0    0.8   13.0  12:27    125
 13    1.0    8.1  12:12   -6.8  04:09   17.0    0.0    0.0    1.4   16.6  12:01    163
 14    4.5    6.1  23:00    1.9  04:26   13.5    0.0   16.5    1.0   14.8  18:38    293
 15    3.2    7.3  14:24    1.4  21:46   14.8    0.0    0.0    0.6   11.2  12:12     79
 16    4.3    9.8  11:40   -0.1  06:23   13.7    0.0    0.0    1.8   20.2  10:18    277
 17    5.6   14.4  13:25   -3.0  06:06   12.4    0.0    0.3    1.4   16.6  14:05    230
 18    7.4   10.0  01:09    4.3  22:22   10.6    0.0   13.2    1.3   14.8  01:26    224
 19    4.7    7.6  13:02    1.6  20:06   13.3    0.0    0.2    0.7    9.4  09:58    130
 20    4.0    9.6  11:40    0.8  22:59   14.0    0.0    4.3    0.6   13.0  13:39    103
 21    2.8   12.8  14:31   -1.9  22:55   15.2    0.0    0.3    1.3   27.7  15:34    122
 22    3.6   17.0  15:11   -3.6  02:38   14.4    0.0    0.0    0.7    9.4  10:38    119
 23    4.6   15.5  12:58   -3.7  05:27   13.4    0.0    0.0    1.2   18.4  12:51    195
 24    2.5   10.5  10:46   -2.8  05:36   15.5    0.0    7.6    1.5   18.4  11:46    106
 25    2.9    8.7  13:31   -1.5  06:10   15.1    0.0    0.3    2.5   27.7  12:51     76
 26    4.7    8.3  11:31    0.7  22:06   13.3    0.0    0.0    4.6   29.5  09:59     56
 27    0.9    7.2  12:08   -5.3  05:08   17.1    0.0    0.0    3.2   31.3  14:02     85
 28    1.8    9.1  13:04   -4.9  22:35   16.2    0.0    0.0    1.9   25.6  10:51    113
---------------------------------------------------------------------------------------
       3.4   17.0     23   -6.8     14  409.4    0.0   45.2    1.5   31.3     28    103