Vremenska postaja Loka pri Mengšu

46° 09.15' S | 14° 33.67' V | 310 m | Prikaži na zemljevidu

Vreme - trenutno stanje
7,4 °C 99 % 1006 mbar 0,0 km/h 0,0 km/h 1,7 mm
0,2 °C/h 0 %/h 0 mbar/h N/A ( N/A) N/A ( N/A) 1,2 mm/h

01. 03. 2024 09:40:00 CET

Vremenska statistika za

Vremenska postaja:DP1500&WH3000SE
Programska oprema:weewx v5.0.2
WeeWX aktiven:3 d, 13 h, 16 min
Strežnik aktiven:3 d, 13 h, 16 min
                   MONTHLY CLIMATOLOGICAL SUMMARY for Mar 2022


NAME: Loka pri Mengšu                  
ELEV: 310 m    LAT: 46-09.15 S    LONG: 14-33.67 V


                   TEMPERATURE (°C), RAIN (mm), WIND SPEED (km/h)

                                         HEAT   COOL         AVG
      MEAN                               DEG    DEG          WIND                   DOM
DAY   TEMP   HIGH   TIME    LOW   TIME   DAYS   DAYS   RAIN  SPEED   HIGH   TIME    DIR
---------------------------------------------------------------------------------------
 01    0.0   10.9  14:36   -7.7  04:59   18.0    0.0    0.0    0.8   11.2  11:21    117
 02    1.6   13.4  14:38   -7.7  05:42   16.4    0.0    0.0    0.8   11.2  13:05    118
 03    2.5    9.4  13:08   -5.4  05:26   15.5    0.0    0.0    2.1   18.4  14:18    108
 04    0.4    5.7  11:00   -6.2  05:53   17.6    0.0    0.0    2.1   25.6  11:01     70
 05    2.2    6.5  10:56   -1.2  22:23   15.8    0.0    0.0    3.2   23.8  13:51     98
 06    0.3    6.5  12:35   -6.2  05:56   17.7    0.0    0.0    2.2   18.4  20:11    117
 07    0.9    8.3  14:41   -5.3  22:42   17.1    0.0    0.0    1.7   25.6  11:43     79
 08    1.3   13.0  14:30   -7.4  05:50   16.7    0.0    0.0    0.9   11.2  10:13    126
 09    3.2   13.0  12:41   -6.2  05:07   14.8    0.0    0.0    2.3   22.0  16:46    122
 10    2.0    7.7  13:24   -4.9  21:59   16.0    0.0    0.0    2.1   16.6  12:06    107
 11   -1.0    8.4  13:39   -9.7  05:07   19.0    0.0    0.0    1.3   18.4  12:43    137
 12    0.6   11.9  14:05   -9.8  05:15   17.4    0.0    0.0    1.8   27.7  12:37    166
 13    3.6   14.1  14:47   -6.3  04:38   14.4    0.0    0.0    2.0   22.0  12:28    157
 14    4.3   11.9  12:09   -3.5  03:55   13.7    0.0    0.0    1.3   13.0  11:56    170
 15    9.9   15.5  13:55    5.1  22:45    8.1    0.0    0.0    2.9   23.8  09:35    207
 16    8.2   14.5  12:49    2.7  05:55    9.8    0.0    0.0    1.7   20.2  14:11    116
 17    6.2   12.4  12:24   -0.9  22:54   11.8    0.0    0.0    2.9   23.8  11:02     98
 18    4.6   13.1  13:25   -4.4  05:10   13.4    0.0    0.0    2.2   20.2  09:25     85
 19    5.1   12.0  12:27   -2.2  22:28   12.9    0.0    0.0    2.6   25.6  10:42     84
 20    3.4   13.6  14:21   -5.9  03:19   14.6    0.0    0.0    1.5   16.6  15:39    114
 21    4.5   17.4  14:28   -6.3  04:56   13.5    0.0    0.0    1.0   14.8  11:16    130
 22    6.6   21.2  14:43   -5.1  03:57   11.4    0.0    0.0    1.0   11.2  11:49    125
 23    8.6   23.5  14:14   -4.5  05:12    9.4    0.0    0.0    1.0    9.4  09:21    112
 24    8.9   21.6  14:15   -2.9  05:11    9.1    0.0    0.0    0.8   14.8  12:14    118
 25    9.1   21.9  14:36   -2.3  05:00    8.9    0.0    0.0    1.0   11.2  13:30    126
 26    9.5   22.0  14:07   -2.2  04:45    8.5    0.0    0.0    1.0   11.2  11:05    120
 27   10.0   23.4  13:21   -1.3  05:18    8.0    0.0    0.0    1.7   23.8  14:49    163
 28    9.6   19.6  13:23   -0.3  03:58    8.4    0.0    0.0    1.9   25.6  13:48    175
 29    8.3   12.8  11:53    3.4  04:40    9.7    0.0    1.5    0.6   11.2  14:39    117
 30    7.1    8.4  08:29    5.6  20:25   10.9    0.0   33.3    1.7   11.2  09:24    319
 31    7.7   12.2  12:24    5.2  03:05   10.3    0.0    3.3    0.8   14.8  18:15    130
---------------------------------------------------------------------------------------
       4.8   23.5     24   -9.8     13  408.9    0.0   38.1    1.6   27.7     13    118