Vremenska postaja Loka pri Mengšu

46° 09.15' S | 14° 33.67' V | 310 m | Prikaži na zemljevidu

Vreme - trenutno stanje
23,4 °C 89 % 1006 mbar 0,0 km/h 0,0 km/h 0,0 mm
-3,6 °C/h 9 %/h 1 mbar/h N/A ( N/A) N/A ( N/A) 0,0 mm/h

21. 07. 2024 20:30:00 CEST

Vremenska statistika za

Vremenska postaja:DP1500&WH3000SE
Programska oprema:weewx v5.0.2
WeeWX aktiven:1 d, 22 h, 4 min
Strežnik aktiven:1 d, 22 h, 4 min
                   MONTHLY CLIMATOLOGICAL SUMMARY for Jul 2022


NAME: Loka pri Mengšu                  
ELEV: 310 m    LAT: 46-09.15 S    LONG: 14-33.67 V


                   TEMPERATURE (°C), RAIN (mm), WIND SPEED (km/h)

                                         HEAT   COOL         AVG
      MEAN                               DEG    DEG          WIND                   DOM
DAY   TEMP   HIGH   TIME    LOW   TIME   DAYS   DAYS   RAIN  SPEED   HIGH   TIME    DIR
---------------------------------------------------------------------------------------
 01   22.4   29.7  14:28   14.8  03:19    0.0    4.4    0.7    2.0   23.8  13:33    126
 02   23.8   33.7  14:23   13.3  02:37    0.0    5.8    0.0    1.8   18.4  11:42    141
 03   25.3   34.7  13:25   15.8  02:59    0.0    7.3    0.0    1.5   22.0  14:20    130
 04   23.2   29.3  12:56   17.8  21:57    0.0    5.2    9.4    1.8   18.4  22:18    124
 05   22.7   30.3  13:36   16.0  02:18    0.0    4.7    0.0    1.6   16.6  10:01    129
 06   19.0   27.0  12:31   15.3  18:00    0.0    1.0   12.4    0.9   13.0  14:36    138
 07   19.1   27.1  14:36   12.7  21:58    0.0    1.1    0.0    1.1   16.6  15:55    104
 08   18.2   26.9  14:18    8.1  03:15    0.0    0.2    0.0    1.3   14.8  11:46    130
 09   18.1   26.6  13:34   13.1  03:21    0.0    0.1    0.6    1.1   13.0  12:09    129
 10   19.5   26.0  14:16   13.4  03:59    0.0    1.5    0.0    1.8   14.8  10:37    130
 11   19.8   28.8  12:38   10.3  03:50    0.0    1.8    0.0    1.8   14.8  09:43    119
 12   21.3   31.7  13:56   10.7  03:26    0.0    3.3    0.0    1.8   22.0  15:41    135
 13   24.0   33.6  14:13   14.6  01:34    0.0    6.0    0.0    2.1   22.0  12:40    139
 14   22.4   30.8  11:58   14.0  03:18    0.0    4.4    6.1    2.6   23.8  09:48    117
 15   22.7   30.3  14:38   15.4  02:50    0.0    4.7    0.0    1.6   16.6  10:02    138
 16   22.1   28.4  14:34   15.8  21:57    0.0    4.1    2.3    2.7   18.4  09:13    136
 17   21.7   30.4  12:59   11.9  03:04    0.0    3.7    0.0    2.2   31.3  12:16    140
 18   22.5   32.3  13:35   11.4  03:47    0.0    4.5    0.2    2.0   18.4  10:23    142
 19   23.7   34.2  14:29   12.2  03:29    0.0    5.7    0.0    1.7   18.4  14:50    142
 20   24.9   36.0  14:20   13.0  02:47    0.0    6.9    0.0    1.5   18.4  13:39    138
 21   26.4   36.1  14:54   15.5  03:45    0.0    8.4    0.0    1.7   14.8  09:55    137
 22   27.2   38.3  13:39   15.7  03:41    0.0    9.2    0.0    1.5   22.0  14:55    139
 23   25.4   32.7  13:38   18.7  04:32    0.0    7.4    2.6    2.3   20.2  14:56    143
 24   26.4   35.9  14:23   16.7  03:44    0.0    8.4    0.0    1.8   18.4  12:59    141
 25   21.7   26.8  15:06   18.2  03:20    0.0    3.7    3.8    1.7   25.6  14:03    144
 26   22.4   29.5  15:29   17.1  03:58    0.0    4.4    0.5    2.1   18.4  10:35    131
 27   22.6   30.3  13:30   14.4  04:05    0.0    4.6    0.0    2.1   43.9  11:36    135
 28   22.5   33.2  14:29   13.5  03:45    0.0    4.5    6.6    1.8   18.4  15:18    133
 29   20.3   25.4  14:40   15.3  21:48    0.0    2.3    5.1    1.9   14.8  15:48    146
 30   21.2   32.3  12:08   12.8  02:45    0.0    3.2    0.0    1.1   14.8  10:10    134
 31   23.6   33.8  12:00   15.5  04:13    0.0    5.6    0.0    1.4   20.2  12:59    134
---------------------------------------------------------------------------------------
      22.5   38.3     23    8.1     09    0.0  138.0   50.3    1.7   43.9     28    134