Vremenska postaja Loka pri Mengšu

46° 09.15' S | 14° 33.67' V | 310 m | Prikaži na zemljevidu

Vreme - trenutno stanje
18,0 °C 99 % 1015 mbar 0,0 km/h 0,0 km/h 0,0 mm
0,1 °C/h 0 %/h 0 mbar/h N/A ( N/A) N/A ( N/A) 0,0 mm/h

21. 06. 2024 06:05:00 CEST

Vremenska statistika za

Vremenska postaja:DP1500&WH3000SE
Programska oprema:weewx v5.0.2
WeeWX aktiven:6 d, 20 h, 10 min
Strežnik aktiven:6 d, 20 h, 10 min
                   MONTHLY CLIMATOLOGICAL SUMMARY for Aug 2022


NAME: Loka pri Mengšu                  
ELEV: 310 m    LAT: 46-09.15 S    LONG: 14-33.67 V


                   TEMPERATURE (°C), RAIN (mm), WIND SPEED (km/h)

                                         HEAT   COOL         AVG
      MEAN                               DEG    DEG          WIND                   DOM
DAY   TEMP   HIGH   TIME    LOW   TIME   DAYS   DAYS   RAIN  SPEED   HIGH   TIME    DIR
---------------------------------------------------------------------------------------
 01   20.8   29.2  12:43   16.9  04:20    0.0    2.8   10.6    1.4   16.6  22:20    130
 02   22.9   32.1  12:52   13.3  03:38    0.0    4.9    0.0    1.3   23.8  13:47    131
 03   24.2   34.5  15:33   14.4  04:00    0.0    6.2    4.6    1.3   16.6  12:58    140
 04   26.6   37.0  12:57   15.3  04:12    0.0    8.6    0.3    1.3   16.6  13:07    137
 05   24.5   32.7  09:46   17.9  04:22    0.0    6.5    1.8    0.9   18.4  11:20    113
 06   22.1   26.8  13:18   15.0  03:49    0.0    4.1    0.0    1.6   14.8  11:37    121
 07   23.2   27.7  13:24   20.5  21:58    0.0    5.2    0.0    2.5   16.6  12:59    123
 08   22.7   30.2  13:54   14.5  20:55    0.0    4.7    1.5    2.0   27.7  12:45    128
 09   20.9   29.3  13:03   11.0  04:04    0.0    2.9    0.0    2.5   25.6  11:51    132
 10   21.1   29.7  12:18   10.0  04:22    0.0    3.1    0.0    2.2   23.8  11:05    138
 11   20.7   26.9  14:50   15.3  04:39    0.0    2.7    0.2    2.4   22.0  14:59    125
 12   15.0   20.4  13:02   10.7  01:52    3.0    0.0    6.1    0.2    5.4  08:48    114
 13   19.5   31.4  14:45   10.5  03:05    0.0    1.5    0.0    1.3   16.6  12:39    139
 14   21.8   32.9  14:09   12.0  04:18    0.0    3.8    0.0    1.6   31.3  14:47    136
 15   22.3   32.2  14:26   14.8  01:05    0.0    4.3    0.0    1.5   16.6  09:19    137
 16   23.9   34.0  12:14   13.4  04:09    0.0    5.9    0.0    1.5   23.8  11:09    134
 17   23.2   33.9  11:37   16.2  04:12    0.0    5.2    0.0    1.0   29.5  12:40    138
 18   20.8   28.4  12:16   16.9  04:01    0.0    2.8    4.5    1.2   25.6  12:56    136
 19   20.9   28.9  10:23   14.2  04:19    0.0    2.9    3.1    1.2   16.6  11:03    127
 20   19.2   25.8  11:30   15.1  02:30    0.0    1.2    0.2    0.4    7.2  08:12    110
 21   18.2   23.7  13:06   13.2  04:07    0.0    0.2    0.3    1.4   13.0  09:30    135
 22   19.0   26.2  14:56   15.1  03:50    0.0    1.0    0.0    1.3   16.6  12:41    133
 23   20.8   29.8  13:58   12.6  04:23    0.0    2.8    0.0    1.6   20.2  13:49    134
 24   23.0   30.3  13:37   17.7  02:04    0.0    5.0    0.0    1.5   22.0  11:59    128
 25   23.1   31.2  15:12   16.6  00:43    0.0    5.1    0.0    1.4   16.6  10:35    127
 26   21.7   30.2  09:48   15.4  04:12    0.0    3.7    0.0    1.1   14.8  10:08    137
 27   20.6   27.8  10:26   14.5  04:15    0.0    2.6    0.0    0.7   11.2  09:46    133
 28   21.2   28.1  11:05   17.3  21:41    0.0    3.2    0.0    1.2   18.4  14:49    119
 29   22.1   30.7  13:30   14.1  04:07    0.0    4.1    0.0    1.3   18.4  12:21    134
 30   19.5   23.6  10:09   15.6  03:28    0.0    1.5   13.2    0.8   14.8  10:15    124
 31   16.0   19.5  12:11   12.2  21:59    2.0    0.0    2.0    1.1   11.2  12:38    132
---------------------------------------------------------------------------------------
      21.3   37.0     05   10.0     11    5.0  108.2   48.4    1.4   31.3     15    130