Vremenska postaja Loka pri Mengšu

46° 09.15' S | 14° 33.67' V | 310 m | Prikaži na zemljevidu

Vreme - trenutno stanje
7,3 °C 99 % 1006 mbar 0,0 km/h 0,0 km/h 1,2 mm
0,3 °C/h 0 %/h 0 mbar/h N/A ( N/A) N/A ( N/A) 1,2 mm/h

01. 03. 2024 09:15:00 CET

Vremenska statistika za

Vremenska postaja:DP1500&WH3000SE
Programska oprema:weewx v5.0.2
WeeWX aktiven:3 d, 12 h, 51 min
Strežnik aktiven:3 d, 12 h, 52 min
                   MONTHLY CLIMATOLOGICAL SUMMARY for Sep 2022


NAME: Loka pri Mengšu                  
ELEV: 310 m    LAT: 46-09.15 S    LONG: 14-33.67 V


                   TEMPERATURE (°C), RAIN (mm), WIND SPEED (km/h)

                                         HEAT   COOL         AVG
      MEAN                               DEG    DEG          WIND                   DOM
DAY   TEMP   HIGH   TIME    LOW   TIME   DAYS   DAYS   RAIN  SPEED   HIGH   TIME    DIR
---------------------------------------------------------------------------------------
 01   16.5   24.3  12:57    9.8  02:40    1.5    0.0    0.0    1.9   16.6  13:34    135
 02   17.1   27.7  13:27    8.8  03:58    0.9    0.0    0.0    1.1   13.0  13:52    129
 03   18.7   30.6  13:50   11.0  03:09    0.0    0.7    4.9    1.1   23.8  16:15    117
 04   18.8   28.5  13:35   11.4  04:13    0.0    0.8    0.0    0.9   11.2  13:39    125
 05   21.2   31.4  13:23   13.1  04:10    0.0    3.2    0.0    1.2   18.4  11:41    131
 06   21.6   30.3  13:03   14.6  04:21    0.0    3.6    0.0    1.7   22.0  11:52    137
 07   17.2   20.1  07:43   14.3  02:09    0.8    0.0   10.9    0.4   11.2  10:13    130
 08   17.7   21.0  13:50   15.7  21:42    0.3    0.0   13.5    0.5   11.2  08:05    111
 09   17.2   26.1  14:31   10.9  21:57    0.8    0.0    2.5    0.9   20.2  16:12    135
 10   16.2   25.8  14:03   10.5  22:27    1.8    0.0    0.0    0.8   11.2  09:01    127
 11   15.9   26.0  12:53    7.5  04:27    2.1    0.0    0.0    0.8   14.8  12:19    132
 12   17.5   28.3  13:08    9.0  04:41    0.5    0.0    0.0    1.2   27.7  13:28    139
 13   19.6   25.9  12:45   13.8  23:58    0.0    1.6    0.0    0.7   16.6  16:16    108
 14   18.8   23.1  07:46   15.6  21:22    0.0    0.8   43.7    0.9   18.4  04:26    120
 15   14.2   15.9  22:58   12.0  18:48    3.8    0.0   98.1    1.0   16.6  14:26    131
 16   10.4   12.1  22:00    7.2  19:41    7.6    0.0   33.2    0.5    9.4  05:28    134
 17   11.6   20.1  14:28    5.2  05:05    6.4    0.0    0.0    0.6    9.4  12:40    113
 18   13.7   22.4  13:05    8.3  21:48    4.3    0.0    2.8    1.0   14.8  09:56    131
 19   11.2   20.8  13:06    2.9  05:07    6.8    0.0    0.5    1.0   16.6  16:38    131
 20    9.8   18.0  13:52    5.0  01:46    8.2    0.0    0.3    0.7   13.0  09:59    123
 21    8.7   17.8  12:16    1.2  04:11    9.3    0.0    0.0    1.1   13.0  15:01    130
 22    9.5   20.0  14:03    1.2  04:40    8.5    0.0    0.0    0.8   11.2  11:23    127
 23   10.9   17.1  10:41    4.5  04:15    7.1    0.0    1.3    0.6   11.2  13:54    133
 24   12.5   13.4  22:51   11.7  06:43    5.5    0.0   76.2    0.2    5.4  22:50    100
 25   13.3   18.4  13:48   10.1  18:49    4.7    0.0   17.5    0.5    9.4  11:20    107
 26   11.1   13.5  11:49    9.0  22:00    6.9    0.0   31.0    0.5   13.0  15:29    147
 27   10.3   13.6  14:28    5.7  03:57    7.7    0.0   11.0    0.4    7.2  00:55    111
 28   11.2   12.6  08:27   10.1  12:14    6.8    0.0   34.5    0.6   13.0  11:14    121
 29   13.2   18.1  11:49   10.3  01:48    4.8    0.0   26.7    0.4   11.2  09:03    132
 30   14.6   21.3  11:51   10.3  21:01    3.4    0.0    0.2    0.7   18.4  10:46    130
---------------------------------------------------------------------------------------
      14.7   31.4     06    1.2     23  110.5   10.7  408.8    0.8   27.7     13    128