Vremenska postaja Loka pri Mengšu

46° 09.15' S | 14° 33.67' V | 310 m | Prikaži na zemljevidu

Vreme - trenutno stanje
7,3 °C 99 % 1006 mbar 0,0 km/h 0,0 km/h 1,5 mm
0,2 °C/h 0 %/h 0 mbar/h N/A ( N/A) N/A ( N/A) 1,8 mm/h

01. 03. 2024 09:25:00 CET

Vremenska statistika za

Vremenska postaja:DP1500&WH3000SE
Programska oprema:weewx v5.0.2
WeeWX aktiven:3 d, 13 h, 1 min
Strežnik aktiven:3 d, 13 h, 1 min
                   MONTHLY CLIMATOLOGICAL SUMMARY for Nov 2022


NAME: Loka pri Mengšu                  
ELEV: 310 m    LAT: 46-09.15 S    LONG: 14-33.67 V


                   TEMPERATURE (°C), RAIN (mm), WIND SPEED (km/h)

                                         HEAT   COOL         AVG
      MEAN                               DEG    DEG          WIND                   DOM
DAY   TEMP   HIGH   TIME    LOW   TIME   DAYS   DAYS   RAIN  SPEED   HIGH   TIME    DIR
---------------------------------------------------------------------------------------
 01   13.5   20.5  12:28    7.3  05:31    4.5    0.0    1.3    0.3    7.2  09:36    124
 02   13.3   17.2  11:38   11.2  20:15    4.7    0.0    3.6    0.1    5.4  11:39    123
 03   11.3   15.4  12:58    6.8  22:08    6.7    0.0   15.4    0.5   11.2  12:00    131
 04    7.3   12.4  14:29    2.2  22:52   10.7    0.0    0.0    0.6    9.4  11:07    137
 05    5.7   11.2  12:28    1.1  01:29   12.3    0.0    0.3    0.3    9.4  11:07    133
 06    7.3   16.7  13:35    2.7  22:18   10.7    0.0    0.0    0.4    7.2  08:55    123
 07    5.8   13.7  12:55    1.3  03:17   12.2    0.0    0.0    0.2    5.4  10:09    123
 08   10.4   14.5  13:45    5.8  23:00    7.6    0.0    0.0    0.5   11.2  16:54    147
 09   10.9   12.6  23:18    7.6  17:04    7.1    0.0   22.9    0.3    9.4  10:05    146
 10    7.9   12.8  12:26    3.8  20:05   10.1    0.0    0.3    0.4    7.2  02:24    128
 11    7.1   11.4  13:19    4.6  06:11   10.9    0.0    0.0    0.2    5.4  12:39    118
 12    8.0   12.8  11:08    2.1  04:31   10.0    0.0    0.0    1.3   18.4  12:49    120
 13    8.9   12.0  10:14    7.6  04:40    9.1    0.0    2.0    0.4   11.2  10:37    133
 14    9.7   12.7  12:56    8.2  16:15    8.3    0.0    0.0    0.4   11.2  17:26    132
 15    9.3   10.6  12:00    8.4  06:00    8.7    0.0    9.9    0.1    5.4  03:18    125
 16    8.8   10.8  11:50    6.3  21:49    9.2    0.0    0.0    0.3    7.2  06:03    129
 17    7.4   10.0  10:42    3.4  21:22   10.6    0.0   11.2    0.5   23.8  14:56    136
 18    4.6    6.8  13:50    2.4  00:56   13.4    0.0    3.3    0.9   13.0  18:27    119
 19    3.8    6.0  11:48    0.6  20:04   14.2    0.0    2.6    0.6    9.4  09:39    133
 20    2.4    3.5  13:15    1.3  00:56   15.6    0.0    0.0    0.4    9.4  23:46    123
 21    3.8    5.5  17:09    2.3  01:50   14.2    0.0   14.4    0.6   16.6  17:06     95
 22    4.5    6.4  12:58    2.7  05:17   13.5    0.0    1.8    0.6    9.4  03:03    131
 23    3.0    7.5  13:22    1.1  22:59   15.0    0.0    0.3    0.5    7.2  12:03    128
 24    1.2    3.1  13:36   -0.5  07:45   16.8    0.0    0.0    0.2    5.4  08:11    120
 25    1.2    5.6  12:54   -0.6  06:38   16.8    0.0    0.2    0.2    5.4  06:56    127
 26    0.8    6.6  13:07   -1.4  18:53   17.2    0.0    0.0    0.4    7.2  10:21    129
 27    2.2    5.8  12:54   -0.6  23:49   15.8    0.0    0.3    0.7    9.4  11:16    136
 28    3.3    5.1  10:45    2.4  02:08   14.7    0.0    0.0    1.7   16.6  16:03    112
 29    3.4    4.7  10:03    2.3  06:30   14.6    0.0    0.0    0.9   14.8  01:07    114
 30    3.0    4.3  11:51    2.2  05:00   15.0    0.0    3.3    0.1    7.2  12:49    134
---------------------------------------------------------------------------------------
       6.3   20.5     02   -1.4     27  350.2    0.0   93.1    0.5   23.8     18    125