Vremenska postaja Loka pri Mengšu

46° 09.15' S | 14° 33.67' V | 310 m | Prikaži na zemljevidu

Vreme - trenutno stanje
17,7 °C 99 % 1015 mbar 0,0 km/h 0,0 km/h 0,0 mm
-0,4 °C/h 0 %/h -0 mbar/h N/A ( N/A) N/A ( N/A) 0,0 mm/h

21. 06. 2024 05:15:00 CEST

Vremenska statistika za

Vremenska postaja:DP1500&WH3000SE
Programska oprema:weewx v5.0.2
WeeWX aktiven:6 d, 19 h, 20 min
Strežnik aktiven:6 d, 19 h, 20 min
                   MONTHLY CLIMATOLOGICAL SUMMARY for Dec 2022


NAME: Loka pri Mengšu                  
ELEV: 310 m    LAT: 46-09.15 S    LONG: 14-33.67 V


                   TEMPERATURE (°C), RAIN (mm), WIND SPEED (km/h)

                                         HEAT   COOL         AVG
      MEAN                               DEG    DEG          WIND                   DOM
DAY   TEMP   HIGH   TIME    LOW   TIME   DAYS   DAYS   RAIN  SPEED   HIGH   TIME    DIR
---------------------------------------------------------------------------------------
 01    2.4    3.5  12:06    0.4  06:34   15.6    0.0    6.3    0.2    5.4  01:45    124
 02    2.8    3.5  14:14    2.1  03:25   15.2    0.0    7.9    0.2    5.4  11:18    132
 03    3.4    4.0  13:04    2.7  23:33   14.6    0.0    5.8    0.0    5.4  17:19    128
 04    4.3    5.8  22:32    3.2  00:22   13.7    0.0   26.9    0.2   23.8  19:54    146
 05    4.7    6.7  11:24    0.9  21:30   13.3    0.0    0.0    0.2    5.4  23:36    138
 06    4.5    8.6  13:08    1.9  23:00   13.5    0.0    0.3    0.6    9.4  14:12    134
 07    3.1    4.9  11:58    1.9  21:20   14.9    0.0    1.8    0.1    3.6  02:59    130
 08    3.0    4.2  20:59    1.3  23:37   15.0    0.0   60.1    0.3    5.4  03:59    130
 09    3.0    4.7  07:34    0.1  20:43   15.0    0.0   16.6    1.1   14.8  09:18    123
 10    0.7    2.4  10:14   -0.6  21:58   17.3    0.0    3.3    0.3    5.4  09:40    135
 11   -1.5    2.3  12:55   -5.1  18:31   19.5    0.0    0.2    0.4    9.4  09:51    144
 12   -2.9   -1.4  13:35   -5.6  05:44   20.9    0.0    0.0    0.2    5.4  10:09    132
 13   -1.7    0.6  12:46   -4.7  22:48   19.7    0.0    0.0    0.3    5.4  12:34    133
 14   -1.6    0.8  22:06   -5.7  04:22   19.6    0.0   14.0    0.3   14.8  22:25    134
 15    2.3    3.8  13:50    0.7  23:12   15.7    0.0   30.2    0.5   13.0  21:47    124
 16    1.5    2.8  12:15    0.1  22:33   16.5    0.0   13.8    0.4    9.4  23:00    125
 17   -0.1    1.9  09:51   -2.7  05:41   18.1    0.0    0.0    0.9   13.0  13:27    139
 18    0.1    1.9  12:08   -0.8  21:35   17.9    0.0    0.0    0.2    9.4  00:05    131
 19    0.6    2.5  12:50   -1.2  03:05   17.4    0.0    0.0    0.3    5.4  08:30    128
 20    2.3    5.1  13:51   -1.8  02:54   15.7    0.0    0.0    0.2    5.4  23:27    118
 21    4.4    8.2  14:01    1.5  18:24   13.6    0.0    0.0    0.4    9.4  21:02    141
 22    7.4   10.8  12:15    4.5  05:47   10.6    0.0    0.0    1.0   14.8  15:50    217
 23    6.9   10.2  13:06    2.8  22:46   11.1    0.0    0.0    0.6   13.0  02:23    166
 24    6.1    9.0  13:45    1.9  00:12   11.9    0.0    0.0    0.3    5.4  09:54    128
 25    8.6   11.3  22:30    4.3  01:13    9.4    0.0    0.0    1.3   13.0  14:22    206
 26    8.2   11.7  09:39    4.7  06:55    9.8    0.0    0.5    1.1   13.0  13:12    134
 27    3.8    8.8  12:31    0.0  06:34   14.2    0.0    0.0    0.3    5.4  00:37    130
 28    4.2    9.7  19:03   -1.5  05:14   13.8    0.0    0.0    0.7    9.4  21:36    158
 29    8.1   10.0  11:28    6.5  01:55    9.9    0.0    5.0    0.2    7.2  02:38    139
 30    8.4   15.7  13:16    4.6  07:20    9.6    0.0    0.3    0.6   13.0  13:42    145
 31    8.8   15.1  11:16    3.5  21:53    9.2    0.0    0.0    1.3   16.6  12:22    157
---------------------------------------------------------------------------------------
       3.4   15.7     31   -5.7     15  452.4    0.0  193.0    0.5   23.8     05    145