Vremenska postaja Loka pri Mengšu

46° 09.15' S | 14° 33.67' V | 310 m | Prikaži na zemljevidu

Vreme - trenutno stanje
23,3 °C 61 % 1006 mbar 4,9 km/h 14,8 km/h 0,0 mm
0,3 °C/h 0 %/h -0 mbar/h JJV (155 °) JJV (155 °) 0,0 mm/h

19. 05. 2024 18:45:00 CEST

Vremenska statistika za

Vremenska postaja:DP1500&WH3000SE
Programska oprema:weewx v5.0.2
WeeWX aktiven:11 d, 9 h, 35 min
Strežnik aktiven:11 d, 9 h, 35 min
                   MONTHLY CLIMATOLOGICAL SUMMARY for Feb 2023


NAME: Loka pri Mengšu                  
ELEV: 310 m    LAT: 46-09.15 S    LONG: 14-33.67 V


                   TEMPERATURE (°C), RAIN (mm), WIND SPEED (km/h)

                                         HEAT   COOL         AVG
      MEAN                               DEG    DEG          WIND                   DOM
DAY   TEMP   HIGH   TIME    LOW   TIME   DAYS   DAYS   RAIN  SPEED   HIGH   TIME    DIR
---------------------------------------------------------------------------------------
 01    0.4    9.3  12:44   -5.5  05:47   17.6    0.0    0.0    0.8   13.0  11:42    139
 02    3.2   10.4  13:57   -1.8  06:19   14.8    0.0    0.0    0.8   20.2  17:22    150
 03    3.4   11.7  13:38   -2.0  03:43   14.6    0.0    0.3    2.6   34.9  09:00    118
 04   -1.1    3.3  14:12   -4.5  23:00   19.1    0.0    0.0    0.7   13.0  23:10    139
 05   -3.4    0.2  14:32   -7.0  03:26   21.4    0.0    0.0    0.9   11.2  19:26    123
 06   -4.7    2.6  15:11   -9.8  06:29   22.7    0.0    0.0    0.6    9.4  10:41    133
 07   -4.0    0.9  11:36   -9.6  05:26   22.0    0.0    0.0    1.2   16.6  11:46     99
 08   -2.6    3.3  13:44   -7.6  04:01   20.6    0.0    0.0    1.2   20.2  13:53    117
 09   -4.0    6.4  15:08  -10.1  05:21   22.0    0.0    0.0    0.5    9.4  12:18    132
 10   -3.0    5.5  14:12   -9.4  05:53   21.0    0.0    0.0    0.5    7.2  11:42    124
 11    1.3   12.7  14:52   -5.2  03:08   16.7    0.0    0.0    0.6    7.2  08:32    131
 12    2.8   12.4  14:53   -3.2  22:59   15.2    0.0    0.0    0.7    9.4  08:24    121
 13    0.7   13.4  15:25   -5.9  05:42   17.3    0.0    0.0    0.5    7.2  10:08    128
 14   -0.6    9.8  14:47   -5.6  04:26   18.6    0.0    0.0    0.7    7.2  10:22    122
 15    1.8   12.2  13:52   -4.5  01:27   16.2    0.0    0.3    0.5   11.2  16:22    123
 16    5.0   14.5  12:19   -2.5  05:58   13.0    0.0    0.0    1.1   16.6  14:08    153
 17    7.0   11.7  13:40    1.2  00:42   11.0    0.0    0.0    1.0   14.8  11:49    187
 18    6.9   11.2  12:47    0.7  22:09   11.1    0.0    0.0    1.1   14.8  13:36    145
 19    4.4   15.8  15:03   -3.0  05:20   13.6    0.0    0.0    0.8   14.8  15:13    120
 20    5.2   14.9  12:27   -1.0  05:45   12.8    0.0    0.0    1.0   20.2  13:32    142
 21    4.3   15.3  14:37   -3.0  04:53   13.7    0.0    0.0    0.5    7.2  10:06    115
 22    3.4    7.0  13:59   -0.8  22:41   14.6    0.0    0.0    0.1    5.4  15:58    118
 23    4.8   10.5  12:56   -1.2  23:45   13.2    0.0    0.7    0.7    9.4  19:58    161
 24    8.1   12.0  13:19    1.1  22:52    9.9    0.0   12.5    1.6   22.0  04:19    120
 25    1.1    3.0  13:29   -0.4  21:32   16.9    0.0    4.0    4.1   23.8  14:00     95
 26    0.8    3.6  13:38   -0.7  19:03   17.2    0.0    0.0    4.2   22.0  11:46    103
 27    1.2    3.2  12:04   -0.4  04:55   16.8    0.0    0.0    2.5   16.6  23:35    106
 28    1.7    3.8  12:55    0.0  06:24   16.3    0.0    2.8    0.5   13.0  14:06    124
---------------------------------------------------------------------------------------
       1.6   15.8     20  -10.1     10  459.9    0.0   20.6    1.1   34.9     04    118