Vremenska postaja Loka pri Mengšu

46° 09.15' S | 14° 33.67' V | 310 m | Prikaži na zemljevidu

Vreme - trenutno stanje
3,2 °C 98 % 1007 mbar 0,6 km/h 3,6 km/h 23,9 mm
-0,1 °C/h 0 %/h -0 mbar/h VJV (118 °) VJV (118 °) 0,1 mm/h

23. 04. 2024 23:10:00 CEST

Vremenska statistika za

Vremenska postaja:DP1500&WH3000SE
Programska oprema:weewx v5.0.2
WeeWX aktiven:36 d, 6 h, 3 min
Strežnik aktiven:36 d, 6 h, 3 min
                   MONTHLY CLIMATOLOGICAL SUMMARY for Apr 2023


NAME: Loka pri Mengšu                  
ELEV: 310 m    LAT: 46-09.15 S    LONG: 14-33.67 V


                   TEMPERATURE (°C), RAIN (mm), WIND SPEED (km/h)

                                         HEAT   COOL         AVG
      MEAN                               DEG    DEG          WIND                   DOM
DAY   TEMP   HIGH   TIME    LOW   TIME   DAYS   DAYS   RAIN  SPEED   HIGH   TIME    DIR
---------------------------------------------------------------------------------------
 01    9.5   19.4  14:20    2.2  03:25    8.5    0.0    0.0    1.1   14.8  20:55    110
 02    7.6   11.7  12:16    2.4  21:56   10.4    0.0    0.0    6.2   34.9  09:45     93
 03    4.4   10.0  12:11   -2.5  04:32   13.6    0.0    0.0    5.0   27.7  13:19     99
 04    2.9   10.0  14:09   -4.2  04:27   15.1    0.0    0.0    2.3   20.2  12:40    127
 05    3.7   14.0  14:40   -6.3  04:43   14.3    0.0    0.0    1.4   14.8  12:26    133
 06    6.5   17.6  13:04   -4.4  03:59   11.5    0.0    0.0    1.7   25.6  14:35    146
 07    6.8   12.8  12:18    1.9  04:46   11.2    0.0    2.5    1.1   14.8  18:32    111
 08    5.7   10.9  13:32    2.3  03:50   12.3    0.0    1.0    1.4   18.4  14:15    109
 09    6.4   16.1  14:36   -2.2  04:36   11.6    0.0    0.0    1.3   18.4  12:27    137
 10    6.7   16.9  15:05   -0.5  01:17   11.3    0.0    0.0    0.9   23.8  15:27    144
 11    9.4   17.3  13:04    1.1  02:22    8.6    0.0    0.0    1.5   22.0  14:32    145
 12    7.2   10.1  22:00    4.2  21:31   10.8    0.0   52.3    1.0   13.0  10:35    240
 13    5.9    9.9  15:33    3.1  01:40   12.1    0.0    7.1    1.7   11.2  01:24    136
 14    6.9   11.2  10:38    4.5  20:33   11.1    0.0    3.6    0.8   13.0  11:01    143
 15    8.0   14.2  12:10    3.6  04:21   10.0    0.0    0.0    2.0   20.2  12:54    135
 16   11.3   17.4  11:44    6.0  22:14    6.7    0.0    0.0    2.1   20.2  10:15     82
 17   11.1   18.2  08:30    4.8  01:35    6.9    0.0    0.0    1.8   16.6  10:57    112
 18   12.4   18.6  12:07    7.3  04:40    5.6    0.0    0.0    1.8   22.0  13:17    116
 19   10.2   13.2  12:06    7.7  19:49    7.8    0.0    0.0    2.7   14.8  23:58    125
 20   11.1   18.1  11:27    5.3  21:30    6.9    0.0    0.0    0.9   18.4  16:38    114
 21   11.4   22.7  14:28    2.4  03:26    6.6    0.0    0.0    1.0   13.0  10:33    123
 22   12.9   22.0  13:12    3.6  04:22    5.1    0.0    0.0    1.1   14.8  13:26    167
 23   11.1   14.1  22:05    8.9  21:03    6.9    0.0   16.8    0.4    9.4  23:30    147
 24   10.4   16.0  16:18    4.7  21:59    7.6    0.0    0.2    0.7    7.2  08:24    143
 25    9.6   18.0  12:53    1.0  04:18    8.4    0.0    0.3    1.5   16.6  14:56    120
 26   11.3   18.3  14:55    4.1  04:14    6.7    0.0    0.0    1.1   13.0  13:37    122
 27    9.8   17.4  11:03    2.9  03:48    8.2    0.0    0.2    0.4   13.0  12:05    189
 28   13.4   24.5  14:53    6.3  04:01    4.6    0.0    2.6    1.3   23.8  16:33    156
 29   13.4   19.5  13:51    6.5  03:16    4.6    0.0    0.2    1.9   16.6  10:46    119
 30   12.6   18.9  12:20    4.9  03:42    5.4    0.0    0.5    1.8   14.8  10:50    138
---------------------------------------------------------------------------------------
       9.0   24.5     29   -6.3     06  270.5    0.0   87.3    1.7   34.9     03    119