Vremenska postaja Loka pri Mengšu

46° 09.15' S | 14° 33.67' V | 310 m | Prikaži na zemljevidu

Vreme - trenutno stanje
22,0 °C 91 % 1007 mbar 0,0 km/h 0,0 km/h 0,0 mm
-2,5 °C/h 5 %/h 1 mbar/h N/A ( N/A) N/A ( N/A) 0,0 mm/h

21. 07. 2024 21:15:00 CEST

Vremenska statistika za

Vremenska postaja:DP1500&WH3000SE
Programska oprema:weewx v5.0.2
WeeWX aktiven:1 d, 22 h, 49 min
Strežnik aktiven:1 d, 22 h, 50 min
                   MONTHLY CLIMATOLOGICAL SUMMARY for Jun 2023


NAME: Loka pri Mengšu                  
ELEV: 310 m    LAT: 46-09.15 S    LONG: 14-33.67 V


                   TEMPERATURE (°C), RAIN (mm), WIND SPEED (km/h)

                                         HEAT   COOL         AVG
      MEAN                               DEG    DEG          WIND                   DOM
DAY   TEMP   HIGH   TIME    LOW   TIME   DAYS   DAYS   RAIN  SPEED   HIGH   TIME    DIR
---------------------------------------------------------------------------------------
 01   18.3   28.7  13:29   10.8  03:03    0.0    0.3    3.8    0.7   16.6  13:57    126
 02   16.6   21.8  14:20   14.1  03:05    1.4    0.0   29.0    1.2   11.2  00:36    135
 03   17.5   24.4  09:49   12.5  02:55    0.5    0.0    5.5    0.9    9.4  09:20    135
 04   15.6   17.9  10:14   14.2  22:00    2.4    0.0   25.2    0.5   13.0  12:02    118
 05   17.5   22.4  11:00   14.4  00:08    0.5    0.0   34.5    0.6   11.2  15:14    138
 06   18.6   26.9  13:42   13.4  03:22    0.0    0.6    8.2    1.2   29.5  17:46    129
 07   17.5   25.7  11:44   12.0  03:43    0.5    0.0    0.2    1.0   25.6  12:30    139
 08   19.1   27.1  11:44   12.3  02:58    0.0    1.1   11.7    1.0   13.0  10:08    132
 09   18.0   23.8  09:56   12.4  01:14    0.0    0.0    0.5    0.6   11.2  08:32    133
 10   18.6   25.3  11:54   14.3  03:03    0.0    0.6    2.0    0.8   16.6  13:32    120
 11   18.8   24.8  13:59   14.5  21:16    0.0    0.8    1.8    1.3   14.8  06:19    126
 12   17.9   24.5  13:27   10.4  03:03    0.1    0.0    0.0    1.4   14.8  14:39    138
 13   18.6   25.5  12:59   12.2  01:44    0.0    0.6    0.0    1.0   14.8  13:17    113
 14   18.6   26.0  13:31   12.3  03:27    0.0    0.6    0.0    1.5   20.2  10:45    125
 15   16.5   27.0  11:26    9.2  03:04    1.5    0.0    0.0    1.1   22.0  12:30    145
 16   18.6   27.7  15:40    8.5  03:17    0.0    0.6    0.0    1.0   13.0  11:16    130
 17   20.0   29.8  12:13   10.4  02:55    0.0    2.0    0.0    1.1   14.8  12:07    136
 18   22.5   31.9  12:41   11.1  03:21    0.0    4.5    0.0    1.5   20.2  13:50    139
 19   22.7   32.1  13:28   13.5  03:04    0.0    4.7    0.0    1.1   18.4  11:55    140
 20   24.6   33.9  12:42   15.9  03:42    0.0    6.6    0.0    0.8   16.6  14:28    132
 21   25.0   33.7  13:18   16.6  02:42    0.0    7.0    0.0    0.8   13.0  12:50    142
 22   21.7   33.2  11:22   15.1  21:15    0.0    3.7    3.1    1.3   20.2  13:23    182
 23   20.6   26.5  15:02   14.2  03:40    0.0    2.6    0.0    1.4   16.6  15:10    126
 24   20.0   28.9  14:13   11.5  03:27    0.0    2.0    0.0    0.9   13.0  13:20    135
 25   21.7   30.6  13:24   12.2  03:50    0.0    3.7    0.0    1.4   16.6  11:18    140
 26   18.3   26.5  10:11   14.2  03:20    0.0    0.3   46.2    1.0   13.0  11:49    129
 27   17.8   23.7  13:00   12.5  21:25    0.2    0.0    3.8    1.3   14.8  14:45    128
 28   18.9   28.6  15:50    9.8  02:53    0.0    0.9    0.0    0.9   11.2  10:46    132
 29   20.4   28.8  11:28   11.1  02:54    0.0    2.4    0.0    1.2   18.4  13:23    138
 30   19.6   26.5  12:13   16.1  03:42    0.0    1.6   18.6    0.8   14.8  10:54    140
---------------------------------------------------------------------------------------
      19.3   33.9     21    8.5     17    7.2   47.1  194.1    1.0   29.5     07    134