Vremenska postaja Loka pri Mengšu

46° 09.15' S | 14° 33.67' V | 310 m | Prikaži na zemljevidu

Vreme - trenutno stanje
17,8 °C 91 % 1010 mbar 2,4 km/h 7,2 km/h 10,4 mm
0,1 °C/h -1 %/h 0 mbar/h JJV (147 °) JJV (147 °) 0,0 mm/h

23. 09. 2023 13:25:00 CEST

Vremenska statistika za

Vremenska postaja:ecowitt-client
Programska oprema:weewx v4.10.2
WeeWX aktiven:0 d, 22 h, 8 min
Strežnik aktiven:0 d, 21 h, 28 min
                   MONTHLY CLIMATOLOGICAL SUMMARY for Jul 2023


NAME: Loka pri Mengšu                  
ELEV: 310 m    LAT: 46-09.15 S    LONG: 14-33.67 V


                   TEMPERATURE (°C), RAIN (mm), WIND SPEED (km/h)

                                         HEAT   COOL         AVG
      MEAN                               DEG    DEG          WIND                   DOM
DAY   TEMP   HIGH   TIME    LOW   TIME   DAYS   DAYS   RAIN  SPEED   HIGH   TIME    DIR
---------------------------------------------------------------------------------------
 01   19.6   26.5  14:13   16.1  05:42    0.0    1.6   18.6    0.8   14.8  12:54    140
 02   21.1   29.2  15:13   15.7  02:48    0.0    3.1    0.0    0.8    9.4  09:53    138
 03   18.7   23.5  14:13   16.5  03:31    0.0    0.7   12.7    0.5   11.2  16:51    136
 04   20.6   27.7  17:07   15.9  05:15    0.0    2.6    2.5    1.2   14.8  13:33    131
 05   20.9   28.2  14:56   13.2  05:20    0.0    2.9    0.0    1.4   20.2  15:36    138
 06   19.7   24.5  17:58   16.1  02:53    0.0    1.7    1.3    0.7   13.0  14:13    123
 07   20.6   27.9  15:55   14.5  23:09    0.0    2.6    0.0    1.4   20.2  11:23    141
 08   21.5   31.4  16:33   11.9  03:46    0.0    3.5    0.0    0.8   11.2  12:25    136
 09   24.1   33.2  16:52   15.7  05:34    0.0    6.1    0.0    1.2   11.2  12:07    135
 10   25.3   34.7  17:29   16.1  04:47    0.0    7.3    0.0    0.7   13.0  16:16    137
 11   25.5   34.7  15:34   15.9  05:37    0.0    7.5    0.0    0.9   13.0  15:15    134
 12   24.0   30.9  16:43   18.5  07:51    0.0    6.0    5.8    1.3   22.0  12:45    145
 13   19.8   25.3  12:09   16.0  06:03    0.0    1.8   33.3    0.7   25.6  03:14    138
 14   20.4   28.5  16:12   13.7  05:02    0.0    2.4    0.2    1.0   14.8  13:13    131
 15   23.0   32.7  14:44   13.9  05:16    0.0    5.0    0.0    0.9   14.8  15:26    124
 16   25.1   34.2  15:57   15.9  05:19    0.0    7.1    0.0    0.8   22.0  15:17    133
 17   25.7   35.1  16:51   16.6  05:25    0.0    7.7    0.0    0.6   14.8  15:26    133
 18   24.6   31.9  15:26   17.3  23:33    0.0    6.6    8.2    1.6   29.5  20:28    135
 19   20.3   30.5  13:37   15.9  03:10    0.0    2.3   12.7    0.9   31.3  14:42    136
 20   23.1   30.0  14:06   17.2  03:15    0.0    5.1    1.5    2.0   22.0  21:08    131
 21   19.6   26.4  13:23   16.1  08:34    0.0    1.6   40.6    0.8   23.8  08:22    123
 22   19.3   25.9  11:59   13.6  23:21    0.0    1.3    4.8    1.0   23.8  19:14    137
 23   20.1   29.6  17:01   12.2  05:35    0.0    2.1    0.0    0.6   11.2  15:53    128
 24   21.8   30.0  13:31   14.4  05:37    0.0    3.8    5.9    1.1   22.0  23:32    148
 25   18.4   24.4  16:04   15.2  13:42    0.0    0.4   83.6    0.9   25.6  08:38    135
 26   16.9   23.0  13:29   11.6  23:55    1.1    0.0   20.0    0.9   13.0  11:22    130
 27   16.3   25.3  15:22   10.2  03:33    1.7    0.0    0.3    0.9   16.6  16:49    129
 28   19.5   28.4  15:44   10.1  05:59    0.0    1.5    0.0    1.0   16.6  15:26    128
 29   21.5   30.5  15:04   14.0  04:12    0.0    3.5    0.0    1.1   14.8  15:21    124
 30   21.4   27.9  16:05   17.3  07:03    0.0    3.4   20.6    1.1   13.0  13:52    128
 31   21.4   28.2  17:12   15.5  06:00    0.0    3.4    0.0    1.1   13.0  13:03    132
---------------------------------------------------------------------------------------
      21.3   35.1     17   10.1     28    2.8  104.1  272.6    1.0   31.3     19    133