Vremenska postaja Loka pri Mengšu

46° 09.15' S | 14° 33.67' V | 310 m | Prikaži na zemljevidu

Vreme - trenutno stanje
22,4 °C 90 % 1006 mbar 0,0 km/h 0,0 km/h 0,0 mm
-3,0 °C/h 6 %/h 1 mbar/h N/A ( N/A) N/A ( N/A) 0,0 mm/h

21. 07. 2024 21:05:00 CEST

Vremenska statistika za

Vremenska postaja:DP1500&WH3000SE
Programska oprema:weewx v5.0.2
WeeWX aktiven:1 d, 22 h, 39 min
Strežnik aktiven:1 d, 22 h, 39 min
                   MONTHLY CLIMATOLOGICAL SUMMARY for Sep 2023


NAME: Loka pri Mengšu                  
ELEV: 310 m    LAT: 46-09.15 S    LONG: 14-33.67 V


                   TEMPERATURE (°C), RAIN (mm), WIND SPEED (km/h)

                                         HEAT   COOL         AVG
      MEAN                               DEG    DEG          WIND                   DOM
DAY   TEMP   HIGH   TIME    LOW   TIME   DAYS   DAYS   RAIN  SPEED   HIGH   TIME    DIR
---------------------------------------------------------------------------------------
 01   19.3   29.4  14:25   11.8  03:48    0.0    1.3    0.0    0.6   11.2  11:53    129
 02   19.6   26.9  13:25   13.4  03:11    0.0    1.6    0.0    1.0    9.4  10:15    131
 03   19.1   25.5  12:53   12.5  22:00    0.0    1.1    0.0    2.1   18.4  15:08    135
 04   16.9   25.6  13:36    9.1  03:22    1.1    0.0    0.0    2.0   22.0  14:10    128
 05   17.5   27.4  13:24    9.1  04:34    0.5    0.0    0.0    1.3   20.2  12:29    126
 06   18.7   27.4  12:50   10.2  03:57    0.0    0.7    0.0    1.4   18.4  13:06    118
 07   18.2   28.0  12:34   10.0  04:20    0.0    0.2    0.0    1.2   18.4  11:17    126
 08   18.6   28.4  13:40   10.2  04:25    0.0    0.6    0.0    1.3   20.2  11:42    131
 09   18.4   29.1  12:35   10.3  03:25    0.0    0.4    0.0    0.7   11.2  11:56    129
 10   18.2   31.3  14:47    9.7  04:31    0.0    0.2    0.0    0.5   11.2  10:38    129
 11   19.3   31.4  13:43   11.5  04:12    0.0    1.3    0.0    0.6   11.2  12:57    129
 12   19.4   28.7  11:19   12.6  04:08    0.0    1.4    0.0    0.5   14.8  11:33    110
 13   17.9   25.6  12:08   15.3  00:39    0.1    0.0    9.9    0.5   16.6  12:36    116
 14   18.1   24.9  13:43   13.2  21:43    0.0    0.1    0.0    1.2   14.8  10:45    137
 15   17.9   26.9  14:28   11.6  04:09    0.1    0.0    0.3    0.8   11.2  10:35    128
 16   18.3   27.1  13:05   12.2  04:01    0.0    0.3    0.0    0.9   20.2  12:28    133
 17   18.5   25.1  12:38   12.5  02:53    0.0    0.5    2.0    0.5   16.6  14:18    116
 18   18.0   24.3  14:25   13.9  21:50    0.0    0.0   17.6    0.9   11.2  04:16    148
 19   17.3   25.8  14:29   12.1  02:33    0.7    0.0    0.0    0.6    9.4  08:56    129
 20   18.3   24.0  08:45   14.6  05:08    0.0    0.3   12.4    0.5   13.0  11:48    130
 21   18.8   26.1  10:45   14.6  03:30    0.0    0.8    5.1    0.7   25.6  14:51    129
 22   16.0   17.9  22:50   13.5  20:45    2.0    0.0   10.6    1.5   18.4  16:39    132
 23   12.5   13.7  22:00   11.2  21:50    5.5    0.0    7.4    0.7    9.4  08:48    133
 24   13.1   20.6  12:39    8.7  03:26    4.9    0.0    0.0    0.8   13.0  14:46    135
 25   17.0   25.9  12:35   10.9  01:36    1.0    0.0    0.0    0.9   13.0  12:27    122
 26   17.2   26.4  12:24    9.5  05:13    0.8    0.0    0.0    1.0   20.2  10:57    110
 27   15.6   25.7  13:25    8.2  04:38    2.4    0.0    0.0    0.8   14.8  13:51    129
 28   14.6   25.8  13:00    6.9  04:52    3.4    0.0    0.0    0.8   13.0  12:29    122
 29   14.3   24.2  14:02    8.5  05:03    3.7    0.0    0.0    0.2    5.4  09:40    119
 30   16.0   24.1  13:13   10.7  00:56    2.0    0.0    0.0    0.5   11.2  11:43    122
---------------------------------------------------------------------------------------
      17.4   31.4     12    6.9     29   28.2   10.8   65.3    0.9   25.6     22    128